{"id":13,"date":"2016-02-02T22:04:57","date_gmt":"2016-02-02T22:04:57","guid":{"rendered":"http:\/\/localhost:8888\/faexpress\/?page_id=2"},"modified":"2023-10-11T16:08:05","modified_gmt":"2023-10-11T14:08:05","slug":"sample-page-2","status":"publish","type":"page","link":"https:\/\/faexpresstransporter.com\/","title":{"rendered":"Start"},"content":{"rendered":"<div class=\"be-section be-bg-cover      clearfix\" data-headerscheme=\"background--light\" style=\"background-color: #ed1f24;\" id = \"omoss\"><div class=\"be-section-pad clearfix\" style=\"padding-top:100px;padding-bottom:100px;\"><div class=\"be-row clearfix be-wrap \"><div class=\"one-half column-block   \" style=\"\"><h3><span style=\"letter-spacing: 2px; color:white;\">Om FA Expresstransporter AB<\/span><\/h3>\n<h6><span style=\"color:white;\">FA Expresstransporter AB erbjuder snabba transporter mellan Skandinavien och Europa.<\/span><\/h6>\n<div class=\"linebreak\" style=\"height:10px;\"><\/div><p><span style=\"color: white;\">FA Expresstransporter AB startades 2006 av Fredrik Andersson som har l\u00e5ng erfarenhet av transport och speditionsbranschen. F\u00f6retaget har v\u00e4xt sedan dess och i dag \u00e4r vi 8 anst\u00e4llda. FA Expresstransporter AB har ett kontor i Torslanda, G\u00f6teborg. H\u00e4r sitter erfarna trafikledare som ansvarar f\u00f6r all trafikplanering. Administrationsavdelningen sitter p\u00e5 ett kontor i Helsingborg. FA Expresstransporter AB s\u00e4tter alltid kunden i centrum. Tillg\u00e4nglighet, flexibilitet och kvalitet \u00e4r v\u00e5ra ledord.<\/span><\/p>\n<\/div><div class=\"one-half column-block   \" style=\"\"><p><img decoding=\"async\" loading=\"lazy\" class=\"alignnone wp-image-49 size-full\" src=\"http:\/\/new.faexpresstransporter.com\/wp-content\/uploads\/2016\/02\/faexpress_omoss.jpg\" alt=\"faexpress_omoss\" width=\"532\" height=\"328\" srcset=\"https:\/\/faexpresstransporter.com\/wp-content\/uploads\/2016\/02\/faexpress_omoss.jpg 532w, https:\/\/faexpresstransporter.com\/wp-content\/uploads\/2016\/02\/faexpress_omoss-300x185.jpg 300w\" sizes=\"(max-width: 532px) 100vw, 532px\" \/><\/p>\n<\/div><\/div><\/div><\/div><div class=\"be-section       clearfix\" data-headerscheme=\"background--light\" style=\"background-color: #f5f5f5;\" id = \"tjanster\"><div class=\"be-section-pad clearfix\" style=\"padding-top:90px;padding-bottom:100px;\"><div class=\"be-row clearfix be-wrap \"><div class=\"one-col column-block clearfix  \" style=\"\"><div class=\"special-heading-wrap style1 0\" data-animation=\"fadeIn\"><div class=\"special-heading align-center\"><h3 class=\"special-h-tag\" style=\"color: \">Tillg\u00e4nglighet, Flexibilitet och Kvalitet.<\/h3><hr class=\"separator style-2\" style=\"background-color:#ed1f24;border-color:#ed1f24;color:#ed1f24;\" \/><\/div><\/div><\/div><\/div><div class=\"be-row clearfix be-wrap \"><div class=\"one-third column-block   \" style=\"\"><p><img decoding=\"async\" loading=\"lazy\" class=\"wp-image-56 size-medium aligncenter\" src=\"http:\/\/new.faexpresstransporter.com\/wp-content\/uploads\/2016\/02\/faexpress_tillganglighet-300x200.png\" alt=\"\" width=\"300\" height=\"200\" srcset=\"https:\/\/faexpresstransporter.com\/wp-content\/uploads\/2016\/02\/faexpress_tillganglighet.png 300w, https:\/\/faexpresstransporter.com\/wp-content\/uploads\/2016\/02\/faexpress_tillganglighet-75x50.png 75w\" sizes=\"(max-width: 300px) 100vw, 300px\" \/><\/p>\n<h4 style=\"text-align: center;\"><span style=\"letter-spacing: 3px; font-size: 13px;\">TILLG\u00c4NGLIGHET<\/span><\/h4>\n<p style=\"text-align: center;\">Tillg\u00e4nglighet \u00e4r ett m\u00e5ste f\u00f6r oss. Ni kan alltid n\u00e5 oss per telefon, mail 365 dagar om \u00e5ret dygnet runt. V\u00e5ra trafikplanerare finns alltid tillg\u00e4ngliga f\u00f6r er som kund hos FA Expresstransporter AB.<\/p>\n<\/div><div class=\"one-third column-block   \" style=\"\"><p style=\"text-align: center;\"><img decoding=\"async\" loading=\"lazy\" class=\"wp-image-55 size-medium aligncenter\" src=\"http:\/\/new.faexpresstransporter.com\/wp-content\/uploads\/2016\/02\/faexpress_flexibilitet-300x200.png\" alt=\"\" width=\"300\" height=\"200\" srcset=\"https:\/\/faexpresstransporter.com\/wp-content\/uploads\/2016\/02\/faexpress_flexibilitet.png 300w, https:\/\/faexpresstransporter.com\/wp-content\/uploads\/2016\/02\/faexpress_flexibilitet-75x50.png 75w\" sizes=\"(max-width: 300px) 100vw, 300px\" \/><\/p>\n<h4 style=\"text-align: center;\"><span style=\"letter-spacing: 3px; font-size: 13px;\">FLEXIBILITET<\/span><\/h4>\n<p style=\"text-align: center;\">Inget uppdrag \u00e4r f\u00f6r sv\u00e5rt f\u00f6r oss och vi kan med v\u00e5r erfarenhet och v\u00e4ltrimmade organisation hitta l\u00f6sningar som \u00e4r unika f\u00f6r er som kund. L\u00e5ngvariga relationer inom logistik och trafik i hela Europa g\u00f6r oss flexibla.<\/p>\n<\/div><div class=\"one-third column-block   \" style=\"\"><p style=\"text-align: center;\"><img decoding=\"async\" loading=\"lazy\" class=\"wp-image-54 size-medium aligncenter\" src=\"http:\/\/new.faexpresstransporter.com\/wp-content\/uploads\/2016\/02\/faexpress_kvalitet-300x200.png\" alt=\"\" width=\"300\" height=\"200\" srcset=\"https:\/\/faexpresstransporter.com\/wp-content\/uploads\/2016\/02\/faexpress_kvalitet.png 300w, https:\/\/faexpresstransporter.com\/wp-content\/uploads\/2016\/02\/faexpress_kvalitet-75x50.png 75w\" sizes=\"(max-width: 300px) 100vw, 300px\" \/><\/p>\n<h4 style=\"text-align: center;\"><span style=\"letter-spacing: 3px; font-size: 13px;\">KVALITET<\/span><\/h4>\n<p style=\"text-align: center;\">Kvalitet f\u00f6r oss \u00e4r starka relationer med v\u00e5ra kunder. Levaranss\u00e4kerhet och \u00e4rlighet \u00e4r nycklarna i v\u00e5r verksamhet. Samtliga trailers \u00e4r utrustade med Gps f\u00f6r att hela tiden kunna informera er som kund var era produkter finns.<\/p>\n<\/div><\/div><\/div><\/div><div class=\"be-section be-bg-cover      clearfix\" data-headerscheme=\"background--light\" style=\"background:#ffffff url(https:\/\/faexpresstransporter.com\/wp-content\/uploads\/2016\/02\/faexpress_bg.jpg) no-repeat fixed center center;\" id = \"miljo\"><div class=\"be-section-pad clearfix\" style=\"padding-top:40px;padding-bottom:40px;\"><div class=\"be-row clearfix be-wrap \"><div class=\"one-half column-block   \" style=\"\"><h5><span style=\"letter-spacing: 3px; color: white;\">Kvalitets- och milj\u00f6policy<\/span><\/h5>\n<p><span style=\"color: white;\">F A Expresstransporter \u00e4r ett f\u00f6retag i speditionsbranschen som skall erbjuda snabba och tillf\u00f6rlitliga transporter mellan Skandinavien och Europa d\u00e4r tillg\u00e4nglighet, flexibilitet och kunden st\u00e5r i centrum.<br \/>\nVi skall st\u00e4ndigt utvecklas och f\u00f6rb\u00e4ttras s\u00e5 att vi kan erbjuda v\u00e5ra kunder kostnadseffektiva och snabba<br \/>\nl\u00f6sningar samt ge v\u00e4rde f\u00f6r v\u00e5ra \u00e4gare och intressenter.<br \/>\nV\u00e5r personal skall med kompetens och engagemang alltid jobba utifr\u00e5n kundens krav, f\u00f6rv\u00e4ntningar och behov med h\u00e4nsyn till v\u00e5ra bindande kvalitets-och milj\u00f6krav.<br \/>\nVi skall h\u00e5lla h\u00f6g leveranss\u00e4kerhet.<br \/>\nV\u00e5rt kvalitets- och milj\u00f6arbete skall vara l\u00e5ngsiktigt och inneb\u00e4ra st\u00e4ndiga f\u00f6rb\u00e4ttringar f\u00f6r kunder, leverant\u00f6rer, milj\u00f6n och v\u00e5r egen personal.<br \/>\nDenna str\u00e4van n\u00e5s genom<\/span><\/p>\n<ul style=\"color: white;\">\n<li>att f\u00f6lja interna och externa krav, till\u00e4mpliga lagar\/f\u00f6rfattningar och andra bindande krav.<\/li>\n<li>att vara flexibla, lyh\u00f6rda och professionella i v\u00e5rt m\u00f6te med kund.<\/li>\n<li>att aktivt arbeta med att minimera v\u00e5r negativa milj\u00f6p\u00e5verkan och \u00f6ka kundn\u00f6jdheten genom effektiv transportplanering.<\/li>\n<li>att vid ink\u00f6p str\u00e4va efter att kunna v\u00e4lja alternativ som uppfyller v\u00e5ra kvalitets-och milj\u00f6krav .<\/li>\n<li>att anv\u00e4nda \u00e5kerier som genom samarbete ocks\u00e5 jobbar utifr\u00e5n st\u00e4ndig f\u00f6rb\u00e4ttring och f\u00f6rebyggande av f\u00f6roreningar.<\/li>\n<li>att hantera v\u00e5rt avfall p\u00e5 b\u00e4sta milj\u00f6v\u00e4nliga s\u00e4tt.<\/li>\n<li>att v\u00e4lja milj\u00f6v\u00e4nliga alternativ vid resor i tj\u00e4nsten d\u00e4r det \u00e4r m\u00f6jligt.<\/li>\n<li>att arbeta f\u00f6rebyggande och proaktivt f\u00f6r att undvika avvikelser och reklamationer.<\/li>\n<li>att arbeta l\u00e5ngsiktigt med v\u00e5rt f\u00f6rb\u00e4ttringsarbete genom att kontinuerligt utveckla v\u00e5rt kvalitets- och milj\u00f6ledningssystem och v\u00e5r verksamhet.<\/li>\n<\/ul>\n<p>&nbsp;<\/p>\n<\/div><div class=\"one-half column-block   \" style=\"\"><p><img decoding=\"async\" loading=\"lazy\" class=\"alignnone size-full wp-image-73\" src=\"https:\/\/faexpresstransporter.com\/wp-content\/uploads\/2016\/02\/iso14001.png\" alt=\"iso14001\" width=\"210\" height=\"210\" srcset=\"https:\/\/faexpresstransporter.com\/wp-content\/uploads\/2016\/02\/iso14001.png 210w, https:\/\/faexpresstransporter.com\/wp-content\/uploads\/2016\/02\/iso14001-150x150.png 150w\" sizes=\"(max-width: 210px) 100vw, 210px\" \/><img decoding=\"async\" loading=\"lazy\" class=\"alignnone size-full wp-image-74\" src=\"https:\/\/faexpresstransporter.com\/wp-content\/uploads\/2016\/02\/iso9001.png\" alt=\"iso9001\" width=\"210\" height=\"210\" srcset=\"https:\/\/faexpresstransporter.com\/wp-content\/uploads\/2016\/02\/iso9001.png 210w, https:\/\/faexpresstransporter.com\/wp-content\/uploads\/2016\/02\/iso9001-150x150.png 150w\" sizes=\"(max-width: 210px) 100vw, 210px\" \/><\/p>\n<\/div><\/div><\/div><\/div><div class=\"be-section       clearfix\" data-headerscheme=\"background--light\" style=\"background: url(https:\/\/faexpresstransporter.com\/wp-content\/uploads\/2016\/02\/worldmap_dotted.jpg) repeat fixed center center;\" id = \"referenser\"><div class=\"be-section-pad clearfix\" style=\"padding-top:100px;padding-bottom:100px;\"><div class=\"be-row clearfix be-wrap \"><div class=\"one-col column-block clearfix  \" style=\"\"><div class=\"special-heading-wrap style1 0\" data-animation=\"fadeIn\"><div class=\"special-heading align-center\"><h5 class=\"special-h-tag\" style=\"color: #ffffff\">Referenser<\/h5><hr class=\"separator style-2\" style=\"background-color:#444444;border-color:#444444;color:#444444;\" \/><\/div><\/div><\/div><\/div><div class=\"be-row clearfix be-wrap \"><div class=\"one-col column-block clearfix  \" style=\"\"><div class=\"testimonials_wrap \" data-animation=\"fadeIn\"><div class=\"flexslider testimonial-flex-slider\"><ul class=\"clearfix slides\"><li class=\"testimonial_slide slide clearfix\">\n<p style=\"text-align: center; color: #fff;\">&#8221;Vi har sedan n\u00e5gra \u00e5r ett mycket bra samarbete med FA Expresstransporter AB n\u00e4r det g\u00e4ller transport av br\u00e5dskande gods p\u00e5 trailer inom V\u00e4steuropa. FA Express \u00e4r en mycket flexibel och p\u00e5litlig samarbetspartner inom denna del av v\u00e5r verksamhet.&#8221;<\/p>\n<h6 class=\"testimonial-author\" style=\"color:#ffffff;\">Ola Johannesson Supervisor Brokerage, Fleet Management DHL Freight (Sweden) AB<\/h6><\/li><li class=\"testimonial_slide slide clearfix\">\n<p style=\"text-align: center; color: #fff;\">&#8221;Vi anlitar FA-express f\u00f6r deras goda service och bra kontroll. Inom flygfrakt \u00e4r det viktigt att h\u00e5lla tider. Megakapell trailers som rymmer mycket gods.&#8221;<\/p>\n<h6 class=\"testimonial-author\" style=\"color:#ffffff;\">Patrick Walldoff, Menzies Aviation<\/h6><\/li><\/ul><\/div><\/div><\/div><\/div><\/div><\/div><div class=\"be-section       clearfix\" data-headerscheme=\"background--light\" style=\"background-color: #ed1f24;\" ><div class=\"be-section-pad clearfix\" style=\"padding-top:0px;padding-bottom:0px;\"><div class=\"be-row clearfix be-wrap  zero-bottom\"><div class=\"one-col column-block clearfix  \" style=\"\"><div class=\"call-to-action be-shortcode clearfix \" data-animation=\"fadeIn\" style=\"background: #ed1f24\"><h5 class=\"action-content\" style=\"color:#ffffff;\">Boka snabba transporter mellan Skandinavien och Europa.<\/h5><a class=\"mediumbtn be-button rounded action-button \" href=\"mailto:info@faexpresstransporter.com\" style=\"border-style: solid; border-width: 2px; border-color: #ffffff; background-color: inherit; color: #fff;\" data-bg-color=\"inherit\" data-hover-bg-color=\"#000000\" data-color=\"#fff\" data-hover-color=\"#ffffff\" data-border-color=\"#ffffff\" data-hover-border-color=\"#000000\" >KONTAKTA OSS<\/a><\/div><\/div><\/div><\/div><\/div><div class=\"be-section       clearfix\" data-headerscheme=\"background--light\" style=\"background-color: #000000;\" id = \"kontakt\"><div class=\"be-section-pad clearfix\" style=\"padding-top:50px;padding-bottom:50px;\"><div class=\"be-row clearfix be-wrap \"><div class=\"one-third column-block   \" style=\"\"><div class=\"icon-shortcode block-center\"><a href=\"mailto:info@faexpresstransporter.com\" class=\"icon-shortcode  \" data-animation=\"fadeIn\" ><i class=\"font-icon icon-email medium plain\" style=\"color:#f5f5f5;\" data-color=\"#f5f5f5\" data-hover-color=\"#ed1f24\"><\/i><\/a><\/div><h6 style=\"text-align: center;\"><span style=\"color: #ffffff;\"><a href=\"info@faexpresstransporter.com\"> info@faexpresstransporter.com<\/a><\/span><\/h6>\n<\/div><div class=\"one-third column-block   \" style=\"\"><div class=\"icon-shortcode block-center\"><a href=\"tel:+31970880\" class=\"icon-shortcode  \" data-animation=\"fadeIn\" ><i class=\"font-icon icon-phone medium plain\" style=\"color:#f5f5f5;\" data-color=\"#f5f5f5\" data-hover-color=\"#ed1f24\"><\/i><\/a><\/div><h6 style=\"text-align: center;\"><span style=\"color: #c0c0c0;\"> <a href=\"tel:+31970880\">Tel: 031-97 08 80<\/a><\/span><\/h6>\n<\/div><div class=\"one-third column-block   \" style=\"\"><div class=\"icon-shortcode block-center\"><a href=\"https:\/\/www.google.se\/maps\/place\/Gamla+Flygplatsv%C3%A4gen+30,+423+37+Torslanda\/@57.7098771,11.7741534,18.83z\/data=!4m2!3m1!1s0x464f8ea03006a403:0xb2b82e2514b2583a\" class=\"icon-shortcode  \" data-animation=\"fadeIn\" ><i class=\"font-icon icon-address medium plain\" style=\"color:#f5f5f5;\" data-color=\"#f5f5f5\" data-hover-color=\"#ed1f24\"><\/i><\/a><\/div><h6 style=\"text-align: center;\"><a href=\"https:\/\/www.google.se\/maps\/place\/2tr,+Flygledarev%C3%A4gen+3A,+423+37+Torslanda\/@57.7138989,11.7804456,17z\/data=!3m1!4b1!4m5!3m4!1s0x464f8c1e1df4b57d:0x9dcbbf4a08b7addf!8m2!3d57.7138961!4d11.7826343\" target=\"_blank\">FA Expresstransporter AB<br \/>\nFlygledarev\u00e4gen 3A 2tr &#8211; 423 37 Torslanda<\/a><\/h6>\n<\/div><\/div><\/div><\/div>\n","protected":false},"excerpt":{"rendered":"<p>Om FA Expresstransporter AB<br \/>\nFA Expresstransporter AB erbjuder snabba transporter mellan Skandinavien och Europa.<\/p>\n<p>FA Expresstransporter AB startades 2006 av Fredrik Andersson som har l\u00e5ng erfarenhet av transport och speditionsbranschen. F\u00f6retaget har v\u00e4xt sedan dess och i dag \u00e4r vi 8 anst\u00e4llda. FA Expresstransporter AB har ett kontor i Torslanda, G\u00f6teborg. H\u00e4r sitter erfarna trafikledare som ansvarar f\u00f6r all trafikplanering. Administrationsavdelningen sitter p\u00e5 ett kontor i Helsingborg. FA Expresstransporter AB s\u00e4tter alltid kunden i centrum.<\/p>\n<p>  <a href=\"https:\/\/faexpresstransporter.com\/\">&nbsp;&raquo;&nbsp;Read more about: Start &nbsp;&raquo;<\/a><\/p>\n<p><a href=\"https:\/\/faexpresstransporter.com\/\" class=\"more-link\">Continue Reading<\/a><\/p>","protected":false},"author":1,"featured_media":0,"parent":0,"menu_order":0,"comment_status":"closed","ping_status":"closed","template":"","meta":{"footnotes":""},"_links":{"self":[{"href":"https:\/\/faexpresstransporter.com\/index.php?rest_route=\/wp\/v2\/pages\/13"}],"collection":[{"href":"https:\/\/faexpresstransporter.com\/index.php?rest_route=\/wp\/v2\/pages"}],"about":[{"href":"https:\/\/faexpresstransporter.com\/index.php?rest_route=\/wp\/v2\/types\/page"}],"author":[{"embeddable":true,"href":"https:\/\/faexpresstransporter.com\/index.php?rest_route=\/wp\/v2\/users\/1"}],"replies":[{"embeddable":true,"href":"https:\/\/faexpresstransporter.com\/index.php?rest_route=%2Fwp%2Fv2%2Fcomments&post=13"}],"version-history":[{"count":1,"href":"https:\/\/faexpresstransporter.com\/index.php?rest_route=\/wp\/v2\/pages\/13\/revisions"}],"predecessor-version":[{"id":14,"href":"https:\/\/faexpresstransporter.com\/index.php?rest_route=\/wp\/v2\/pages\/13\/revisions\/14"}],"wp:attachment":[{"href":"https:\/\/faexpresstransporter.com\/index.php?rest_route=%2Fwp%2Fv2%2Fmedia&parent=13"}],"curies":[{"name":"wp","href":"https:\/\/api.w.org\/{rel}","templated":true}]}}